 when 537 is divided by 30?
27
What is the remainder when 284 is divided by 18?
14
What is the remainder when 61 is divided by 28?
5
Calculate the remainder when 12238 is divided by 24.
22
What is the remainder when 76 is divided by 38?
0
What is the remainder when 143 is divided by 15?
8
Calculate the remainder when 181 is divided by 7.
6
Calculate the remainder when 96 is divided by 5.
1
Calculate the remainder when 117 is divided by 68.
49
Calculate the remainder when 148 is divided by 40.
28
Calculate the remainder when 474 is divided by 37.
30
What is the remainder when 2877 is divided by 361?
350
What is the remainder when 135 is divided by 43?
6
What is the remainder when 242 is divided by 150?
92
What is the remainder when 41 is divided by 17?
7
Calculate the remainder when 79 is divided by 31.
17
Calculate the remainder when 70 is divided by 18.
16
Calculate the remainder when 130 is divided by 71.
59
What is the remainder when 10098 is divided by 10?
8
What is the remainder when 128 is divided by 80?
48
Calculate the remainder when 195 is divided by 67.
61
What is the remainder when 3473 is divided by 10?
3
Calculate the remainder when 8279 is divided by 9.
8
What is the remainder when 316 is divided by 69?
40
Calculate the remainder when 1056 is divided by 24.
0
What is the remainder when 45 is divided by 45?
0
What is the remainder when 151 is divided by 4?
3
Calculate the remainder when 384 is divided by 97.
93
What is the remainder when 124 is divided by 72?
52
Calculate the remainder when 33 is divided by 17.
16
What is the remainder when 2367 is divided by 74?
73
Calculate the remainder when 568 is divided by 189.
1
Calculate the remainder when 955 is divided by 913.
42
What is the remainder when 856 is divided by 208?
24
Calculate the remainder when 458 is divided by 23.
21
What is the remainder when 106 is divided by 30?
16
Calculate the remainder when 261 is divided by 33.
30
What is the remainder when 1247 is divided by 48?
47
What is the remainder when 73 is divided by 44?
29
Calculate the remainder when 797 is divided by 20.
17
What is the remainder when 79 is divided by 68?
11
What is the remainder when 88 is divided by 46?
42
What is the remainder when 43 is divided by 29?
14
What is the remainder when 687 is divided by 86?
85
Calculate the remainder when 496 is divided by 7.
6
What is the remainder when 212 is divided by 57?
41
What is the remainder when 952 is divided by 462?
28
What is the remainder when 278 is divided by 41?
32
Calculate the remainder when 282 is divided by 24.
18
What is the remainder when 252 is divided by 113?
26
Calculate the remainder when 1074 is divided by 346.
36
What is the remainder when 115 is divided by 53?
9
Calculate the remainder when 185 is divided by 13.
3
Calculate the remainder when 127 is divided by 68.
59
Calculate the remainder when 99 is divided by 17.
14
What is the remainder when 631 is divided by 3?
1
What is the remainder when 1700 is divided by 13?
10
What is the remainder when 348 is divided by 120?
108
What is the remainder when 163 is divided by 20?
3
Calculate the remainder when 503 is divided by 222.
59
What is the remainder when 397 is divided by 182?
33
What is the remainder when 12964 is divided by 8?
4
What is the remainder when 163 is divided by 129?
34
What is the remainder when 505 is divided by 129?
118
Calculate the remainder when 190 is divided by 69.
52
Calculate the remainder when 1265 is divided by 143.
121
What is the remainder when 269 is divided by 135?
134
What is the remainder when 566 is divided by 283?
0
What is the remainder when 326 is divided by 27?
2
What is the remainder when 353 is divided by 40?
33
Calculate the remainder when 71 is divided by 67.
4
Calculate the remainder when 3057 is divided by 102.
99
What is the remainder when 538 is divided by 142?
112
What is the remainder when 48 is divided by 33?
15
Calculate the remainder when 1512 is divided by 750.
12
What is the remainder when 2148 is divided by 52?
16
What is the remainder when 290 is divided by 71?
6
What is the remainder when 20 is divided by 2?
0
Calculate the remainder when 551 is divided by 139.
134
What is the remainder when 2076 is divided by 28?
4
Calculate the remainder when 122 is divided by 42.
38
Calculate the remainder when 180 is divided by 17.
10
Calculate the remainder when 127 is divided by 59.
9
What is the remainder when 978 is divided by 7?
5
Calculate the remainder when 551 is divided by 203.
145
What is the remainder when 282 is divided by 95?
92
What is the remainder when 269 is divided by 9?
8
What is the remainder when 390 is divided by 27?
12
Calculate the remainder when 3209 is divided by 39.
11
What is the remainder when 397 is divided by 82?
69
Calculate the remainder when 401 is divided by 168.
65
Calculate the remainder when 516 is divided by 65.
61
Calculate the remainder when 479 is divided by 16.
15
Calculate the remainder when 398 is divided by 9.
2
What is the remainder when 200 is divided by 25?
0
What is the remainder when 2122 is divided by 6?
4
Calculate the remainder when 432 is divided by 210.
12
Calculate the remainder when 195 is divided by 11.
8
Calculate the remainder when 534 is divided by 67.
65
What is the remainder when 5710 is divided by 28?
26
What is the remainder when 58 is divided by 58?
0
What is the remainder when 39 is divided by 34?
5
Calculate the remainder when 217 is divided by 55.
52
Calculate the remainder when 6475 is divided by 45.
40
Calculate the remainder when 161 is divided by 48.
17
Calculate the remainder when 136 is divided by 6.
4
What is the remainder when 4899 is divided by 10?
9
Calculate the remainder when 689 is divided by 7.
3
Calculate the remainder when 133 is divided by 27.
25
Calculate the remainder when 270 is divided by 34.
32
What is the remainder when 1539 is divided by 35?
34
What is the remainder when 152 is divided by 89?
63
Calculate the remainder when 1347 is divided by 54.
51
What is the remainder when 22 is divided by 22?
0
Calculate the remainder when 1953 is divided by 19.
15
What is the remainder when 509 is divided by 115?
49
Calculate the remainder when 242 is divided by 117.
8
What is the remainder when 99 is divided by 71?
28
Calculate the remainder when 8453 is divided by 65.
3
What is the remainder when 18 is divided by 16?
2
Calculate the remainder when 1099 is divided by 538.
23
What is the remainder when 68 is divided by 21?
5
What is the remainder when 279 is divided by 152?
127
Calculate the remainder when 1132 is divided by 9.
7
What is the remainder when 547 is divided by 252?
43
What is the remainder when 151 is divided by 81?
70
Calculate the remainder when 441 is divided by 217.
7
What is the remainder when 1823 is divided by 16?
15
Calculate the remainder when 217 is divided by 160.
57
What is the remainder when 81 is divided by 3?
0
Calculate the remainder when 346 is divided by 110.
16
What is the remainder when 3934 is divided by 22?
18
Calculate the remainder when 1746 is divided by 70.
66
Calculate the remainder when 2389 is divided by 588.
37
What is the remainder when 186 is divided by 50?
36
Calculate the remainder when 33 is divided by 16.
1
Calculate the remainder when 62 is divided by 24.
14
Calculate the remainder when 145 is divided by 49.
47
Calculate the remainder when 285 is divided by 32.
29
What is the remainder when 293 is divided by 8?
5
What is the remainder when 384 is divided by 35?
34
Calculate the remainder when 2670 is divided by 14.
10
Calculate the remainder when 2752 is divided by 458.
4
Calculate the remainder when 137 is divided by 13.
7
What is the remainder when 838 is divided by 824?
14
Calculate the remainder when 639 is divided by 14.
9
Calculate the remainder when 2203 is divided by 3.
1
Calculate the remainder when 25 is divided by 11.
3
Calculate the remainder when 155 is divided by 141.
14
What is the remainder when 12097 is divided by 121?
118
Calculate the remainder when 154 is divided by 151.
3
Calculate the remainder when 6498 is divided by 100.
98
What is the remainder when 320 is divided by 16?
0
What is the remainder when 62 is divided by 14?
6
What is the remainder when 700 is divided by 81?
52
What is the remain